2*w - 13, 4*w - 2*m + r = 0. What is the tens digit of (-1 - -2*w) + 11?
1
Let f be (6/15)/((-2)/(-10)). Let c(j) = j**f - 8 + 8 - 5*j. What is the units digit of c(6)?
6
Let y(m) be the third derivative of m**6/120 - m**4/24 - m**2. Let u be y(1). Let j = 8 - u. What is the units digit of j?
8
Suppose 2*s = 2*a + 2, -4*s + 3 = -5*a - 1. Let o be 0*(2 - (3 + a)). Suppose o*r = 5*r - 10. What is the units digit of r?
2
Suppose 2*g + 0*g - o = 28, g - 23 = 5*o. What is the tens digit of g?
1
Let h = -217 - -389. What is the tens digit of h?
7
Let i = -10 + 60. Suppose 5*w - i = -10. What is the tens digit of (-2)/w + 171/12?
1
Let d(h) be the second derivative of -h**5/20 - h**4/2 - 2*h**3/3 + 3*h**2 + 5*h. What is the units digit of d(-6)?
0
Suppose 0 = 2*b - 70 + 10. What is the tens digit of b?
3
Let r(k) = -k**3 + 11*k**2 + 8*k + 3. What is the tens digit of r(11)?
9
Suppose -2*y = -y. Suppose y = 2*t + 2*t - 36. What is the units digit of t?
9
Suppose -3*d + 5 = -2*d. Suppose d*m + 0*m - 20 = 0. What is the units digit of (-10)/(-4) - (-2)/m?
3
Suppose -3*l = l - 48. Suppose 3*x + 2*a = l, 5*x - 11 = a - 4. What is the units digit of x?
2
Let m be (-2 + 7 - -3)/2. Let t = 5 - m. What is the units digit of t?
1
Let v be (-2)/10 + (-27)/15. Let c = v + 4. What is the units digit of -4*c/((-16)/6)?
3
Let q(l) = l**3 + 8*l**2 + l + 3. Let a(i) = -i**3 + i**2 - i + 1. Let r(b) = -2*a(b) - q(b). What is the units digit of r(10)?
5
Suppose -4*k + 305 = p - 302, k - 142 = 3*p. What is the units digit of k?
1
Suppose 0 = 3*y + 2*t - 3 - 39, 5*t - 56 = -4*y. What is the units digit of y?
4
What is the units digit of (-6 + -1)*(-6)/7?
6
Suppose -12 = 3*r, -i + 2*r = 3*i - 16. Suppose -34 = -i*t - 2. What is the tens digit of t?
1
Let p = 72 - 46. What is the tens digit of p?
2
Suppose -95 = -5*q + 255. Suppose -38 = -3*z + 4*v, 2 = -4*z + z - 4*v. Suppose -z*g + q = -g. What is the tens digit of g?
1
Let z be 46/(-10) - 10/25. Let j = z - -5. Suppose -w = -4 - j. What is the units digit of w?
4
Let x be 1/(-6) - (-2)/12. Suppose 0*d + d - 2 = x. What is the units digit of (1 + -2)/((-1)/d)?
2
Suppose 117 = 6*f - 195. What is the tens digit of f?
5
Let r(h) = h**2 + 10*h - 9. Let l(y) = y**2 - 7*y - 6. Let z be l(6). What is the tens digit of r(z)?
1
Suppose -6 = -2*p - p. Suppose 0 + p = h. Suppose -n + 2 + 3 = 5*v, h*n = 2*v - 2. What is the units digit of v?
1
Suppose -3*g = g - 12. Suppose -g*q = 2*q - 15. What is the units digit of q*2*4/3?
8
Let z(p) be the third derivative of -3*p**4/8 - p**3/6 + 3*p**2. What is the units digit of z(-1)?
8
Suppose -5*l + z - 37 = 0, -3*l + z - 15 = 6. Let v(b) = -b**3 - 9*b**2 - 11*b + 1. What is the units digit of v(l)?
5
Suppose -z - 2 = x - 9, -2*x - 21 = -5*z. Let n(y) = -y + 2. Let k be n(x). Suppose -o - 5*c + 3*c = k, 20 = -5*c. What is the units digit of o?
8
Suppose -2*s - 1 - 3 = -4*x, 0 = 5*s - x - 26. Suppose f = s*f - 90. What is the units digit of f?
8
What is the tens digit of (0 - -2) + 88 + -20?
7
Let m = -21 - -53. What is the units digit of m?
2
Suppose 0 = -3*k + f + 10, -10 = -f - 4*f. Let m(g) be the first derivative of 2*g**2 - 5*g - 1. What is the tens digit of m(k)?
1
Suppose 0 = 6*r - r - 75. Let s be (12/10)/((-3)/r). Let x(h) = h**2 + 3*h - 6. What is the tens digit of x(s)?
1
What is the hundreds digit of (-43 - -1)/(7/((-105)/6))?
1
Suppose 3*v - 4 + 1 = 0. Suppose 2 = d + v. What is the tens digit of (20/(-6))/(d/(-3))?
1
Let f = -1 - -5. Let z = -2 + f. Suppose a + 0*a = -2*m + 2, -a = 3*m - z. What is the units digit of a?
2
Let c be 146 - (-1 + (2 - 3)). Suppose c = 4*g - 4*u, -3*g - 111 = -6*g - u. What is the tens digit of g?
3
Let r(w) be the first derivative of w**2/2 + 4*w - 2. Let h be r(-6). What is the units digit of 0 - 1/(h/14)?
7
Let i(s) = 10*s**2 - 6*s**2 + 4*s**3 - s + 0*s**3 - 2*s**2. What is the units digit of i(2)?
8
Let m(h) = -h**3 - 5*h**2 + 4*h - 4. Let g = 10 - 16. Let b be m(g). Suppose -b = -4*w + 3*w. What is the units digit of w?
8
Suppose -5*v + 3 = -192. Let j = v + -21. What is the units digit of j?
8
Let r(d) = -d**3 + 2*d**2 + 2. Let p be r(2). Let z be 1 + 2 + 1 + p. Suppose -m - 40 = -z*m. What is the units digit of m?
8
Suppose -2*r + 3*r = 5*y + 2, 4*y - 8 = -4*r. Suppose f + f - 8 = y. Suppose -3*j = -j + 5*g + 14, f*j + 2*g = 4. What is the units digit of j?
3
Let x(w) = w**3 - 2*w**2 + 2*w - 2. Suppose 0 = -4*r + 2*h, 2*r + 3*h - 9 = -1. Let b be 1/r*(6 + -4). What is the units digit of x(b)?
2
Let y be -3 - (-3)/((-9)/(-6)). Let p be 0 - ((-4)/1 - y). Suppose 0*r + 5*r - 90 = -5*u, -p*u = -5*r - 14. What is the tens digit of u?
1
What is the tens digit of 77 + 1 + 44/(-22)?
7
Suppose -2*l - 16 = -l. Let t = 3 + -13. Let a = t - l. What is the units digit of a?
6
Let x = 30 + -43. Let s(v) = -7*v - 7. Let t be s(-5). Let w = t + x. What is the units digit of w?
5
Let a be (4/10)/(1/(-60)). What is the tens digit of (-69)/a*-2*-4?
2
Let x be (-1)/(-6) + (-695)/30. Let a = x + 35. What is the tens digit of a?
1
Suppose z - 333 = -3*s - 75, -4*z + 12 = 0. What is the tens digit of s?
8
Let l(v) = 3*v + 1. Let w be l(-2). Let u be (-2)/5 - 27/w. Suppose -5 + 55 = u*x. What is the units digit of x?
0
Suppose 147 = 3*u + 3*i, 2*u - 56 - 43 = -i. What is the units digit of u?
0
Let j = -80 - -128. What is the units digit of j?
8
Suppose 0 = -20*x + 15*x + 605. What is the units digit of x?
1
Suppose m = 5*m - 20. Let x be (4/m)/(6/(-15)). What is the tens digit of (x - -5 - 4)*-11?
1
Let b be (-2)/4*(0 - -2). Suppose 0 = 2*p - 3*j - 22, 2*p = j + 18 - 4. Let r = b + p. What is the units digit of r?
4
Let x be 21/(-6)*-2 + 1. Suppose -v - w + 3*w = -x, -41 = -2*v - w. What is the tens digit of v?
1
Suppose -3*m + 0*j = -2*j + 12, 16 = -4*m + 5*j. What is the tens digit of (m/(-3))/((-8)/(-84))?
1
Let t(j) = j**2 + 8*j. What is the units digit of t(6)?
4
Let w(o) = o**2 - 8*o + 2. Let j be w(8). Suppose -5*x + 66 = -j*x. What is the tens digit of x?
2
Suppose -5*o = -4*f - 3*o + 32, 0 = -2*o. Let v(j) = -j**3 + 15*j**2 - 15*j + 14. Let g be v(14). Suppose -4*r + f = -g*r. What is the units digit of r?
2
Let a = -15 + 18. Let w = a - 2. What is the units digit of w?
1
Let r = -13 + 38. Suppose 0 = -0*m + m - 4*g - r, -g - 42 = -3*m. What is the units digit of m?
3
Let n be (-8)/(((-6)/1)/3). Suppose -n*i + 14 = 2*m, 5*m + i = -i + 43. Let x = 15 - m. What is the units digit of x?
6
Suppose r - 17 - 5 = 0. What is the tens digit of r?
2
Suppose -a + 99 = 5*l - 128, 9 = -3*a. What is the units digit of l?
6
What is the units digit of (1/(-2))/(3/(-12)) - -24?
6
Suppose 110 = 7*t - 2*t. Let g = t - -16. What is the tens digit of g?
3
Let g(h) = -h**2 - 10*h - 14. Let k be g(-10). Let c = -8 - k. Suppose 2*o - c - 2 = 0. What is the units digit of o?
4
Let l = 15 + -2. Suppose -4*p = -3 + 35. Let u = l + p. What is the units digit of u?
5
Let p(l) = l**2 - 3*l - 1. Let i be p(-3). Let s = 3 - -1. Suppose -f - 1 + s = -q, -f - i = -5*q. What is the units digit of f?
8
Let v(a) = -a + 2. Let g be v(8). Let p = 8 - g. What is the tens digit of p?
1
Let q = -3 + 7. Let i be (-16 - -17)*(1 + -1). Suppose i = -s - s + q. What is the units digit of s?
2
Suppose 2*r + 3*r = -15, 2*b + r = 301. What is the hundreds digit of b?
1
Let o(q) = 4*q**3 - 2*q**2 + q. Let y be o(1). Let t be 32/12 - (-4)/(-6). Suppose 0 = y*z - z - t. What is the units digit of z?
1
Suppose -6 = -4*x - 2. What is the units digit of x/(-5) - (-62)/10?
6
Let k be ((-8)/10)/(3/(-15)). Suppose k = 4*s + 5*d, -2*s + s + 1 = d. What is the units digit of (8/20)/(s/25)?
0
Let v(d) = -d**2 + 11*d + 3. Let r be v(8). Let t = r + -11. What is the units digit of t?
6
Suppose -3*n + 5*n - 52 = 0. What is the units digit of n?
6
Let d be (2/(-1))/((-4)/14). Suppose 6*n - 26 = 3*n + 5*v, 5*n + 3*v + 2 = 0. Suppose -3*b + n*b = -d. What is the units digit of b?
7
Suppose -z + 4*n - 20 = 3*z, 2*z - 4*n = -16. Let v be 1/(((-5)/z)/5). Suppose j - 12 = -3*o, -v - 1 = -j. What is the units digit of o?
3
Let q = 27 + -58. What is the tens digit of -10 + 7 - (q + 1)?
2
Let x(w) = -w**2 + 8*w. Let c(l) = l - 1. Let t(y) = -2*c(y) - x(y). What is the units digit of t(10)?
2
Let i(k) = 2*k**2 + 2*k + 3. Let